t i(t) be the third derivative of -3*t**6/20 - t**5/60 - t**4/24 - t**3/6 + 3*t**2. What are the prime factors of i(-1)?
17
Let r = -31 + 62. What are the prime factors of r?
31
What are the prime factors of 3 + -1 + (0 - -7)?
3
Let d(r) = -79*r - 3. What are the prime factors of d(-1)?
2, 19
Suppose -1 = -4*a - 2*p + 127, 74 = 3*a - 4*p. What are the prime factors of a?
2, 3, 5
Let u be (-8)/(-6)*18/(-4). Let y be (-3)/((-3)/u*-1). Suppose -s + 4*d = -32, -28 = -4*s - y*d + 2*d. List the prime factors of s.
2, 3
Let l(u) = 3*u + 3 - 2*u - 2. Let d be l(-6). List the prime factors of 21 + 3 + d + 0.
19
Suppose 58 + 17 = 3*x. List the prime factors of x.
5
Let s(m) = -3*m + 2 - 3 - 5*m. What are the prime factors of s(-2)?
3, 5
Let z be 1*2 + (-5 - -4). Let a be 6 - z*(-1 + 2). Suppose 0 = c + a*v - 22, 3*c - v = 3*v + 9. What are the prime factors of c?
7
Suppose -3 - 9 = -h - q, 0 = -5*h + 4*q + 42. Let a = h - 8. List the prime factors of a.
2
Let u be -4 - 2/(-3)*-3. Let z be (-8)/u - 4/(-6). Suppose 5*g = z*f, -4*g = -f - g - 2. What are the prime factors of f?
2, 5
Let z(a) = 5*a**2 + a - 2. Let c(r) be the third derivative of r**5/60 + 7*r**4/24 + 2*r**3/3 - 3*r**2. Let q be c(-6). What are the prime factors of z(q)?
2
List the prime factors of (-39)/21 - (-5)/(-35) - -54.
2, 13
Let h = -4 + 7. Let c = h + -4. Let z = c - -13. List the prime factors of z.
2, 3
Let c(p) = p**2 - 9*p - 5. Suppose g = 0, -4*k - 3*g + 40 = -8*g. List the prime factors of c(k).
5
Let y(s) = s**2 + 10*s + 3. Let u be y(-10). Let k(p) = -p**2 + p + 1 - u + 1 - 5*p. What are the prime factors of k(-2)?
3
Suppose o + 10 = 5*o + 2*v, 0 = -3*o - 4*v + 20. Suppose 5*i - 62 = 3*a, -4*i - a = -o*i - 53. What are the prime factors of i?
13
Let t be (-46)/6*(-54)/(-2). List the prime factors of (-3)/12 + t/(-12).
17
Suppose x + 116 = 3*p - 0*x, x = 4*p - 155. What are the prime factors of p?
3, 13
Let c be 15/(-10) - (-6)/4. Let g = 7 + c. What are the prime factors of g?
7
Suppose 2*s - 3*o - o = 2, 0 = -s - o - 5. Let x = 5 + s. List the prime factors of (9 - x)*(-2)/(-2).
7
Let s(l) = -l**3 + l**2 + 3*l + 1. Let h(c) = c. Let k(j) = 9*h(j) - 2*s(j). List the prime factors of k(2).
2, 3
Let r = -37 - -69. List the prime factors of r.
2
What are the prime factors of (-60)/(-9) - (-1)/3?
7
Suppose -4*j = -l + 16, -1 = 4*l + 2*j + 7. Let a be (l - 2/2) + 5. Suppose -16 = -4*y - a. What are the prime factors of y?
3
Suppose 19 = -4*q + 167. What are the prime factors of q?
37
Let n(z) = 13*z**3 + 2*z - 1. Let s = 0 + 4. Suppose -23 = -3*m + 4*q, 0 = s*m + 2*q + 2*q + 16. List the prime factors of n(m).
2, 7
Let s(g) = -14*g**2 + 14*g - 36. Let x(b) = 5*b**2 - 5*b + 12. Let y(l) = -4*s(l) - 11*x(l). Let q be (2 - (-6)/(-4))*0. List the prime factors of y(q).
2, 3
Suppose 3*x = 5*g - 2*x, -g = 4*x - 5. Suppose g = -5*c + 6. Let m(t) = 2*t. What are the prime factors of m(c)?
2
List the prime factors of -14*(15/(-2))/5.
3, 7
Suppose 75 = 5*k - 110. What are the prime factors of k?
37
What are the prime factors of ((-7)/14)/((-2)/40)?
2, 5
Let z = 32 + -1. What are the prime factors of z?
31
Let q = -38 + 86. What are the prime factors of q?
2, 3
Let i = 6 - 3. Suppose 2*k = -0*d - i*d + 67, -2*d = -5*k - 32. What are the prime factors of d?
3, 7
Let w(q) = q + 3 - q + q. Let d(x) = x**3 - 2*x**2 + x. Let g be d(1). What are the prime factors of w(g)?
3
Suppose 3*k = 13 - 1. Let v be 110/4*k/(-5). Let y = 39 + v. List the prime factors of y.
17
Suppose -d = 3*i + 2*d - 18, 0 = -4*i - d + 24. What are the prime factors of (-28)/42*i/(-1)?
2
Let f be 1/3 + 4/6. Let r be f/4 - (-19)/4. Suppose -5*b = -l - 20, -8*l + 3*l = -r*b + 40. List the prime factors of b.
3
Let v(w) = w**3 - w**2 - w + 6. Suppose 2*l - 3 - 1 = 0, 5*l - 38 = -4*g. Let u = g - 7. List the prime factors of v(u).
2, 3
Suppose -10 = 5*l, -6*k + 3*l = -k - 371. List the prime factors of k.
73
Let o(a) = 19*a**2 + 1. What are the prime factors of o(1)?
2, 5
Let t(l) = -9*l + 11. What are the prime factors of t(-7)?
2, 37
Suppose 0 = -4*k + 4*m + 32, -3*m + 13 = -4*k + 41. Suppose k*x + 7 = -1. What are the prime factors of 3*(1 + x)/(-1)?
3
List the prime factors of 17800/90 - 2/(-9).
2, 3, 11
Suppose 2*o - 2*j + 6 = -0*j, -o - j - 5 = 0. Let d be 72 + (-1)/(-2)*o. List the prime factors of (-2)/4 - d/(-4).
17
Let k = 90 - 27. List the prime factors of k.
3, 7
Let x = 188 - 176. What are the prime factors of x?
2, 3
Let d be 2/(-9) - (-10)/45. Suppose z + 4*z + 18 = -o, d = -3*o + 4*z + 41. What are the prime factors of o?
7
Suppose -219 = -4*y + y. List the prime factors of y.
73
List the prime factors of (6/(-4))/((-6)/92).
23
Suppose -t = 3*t - 8. Let q = 6 - 12. List the prime factors of q/9*(-27)/t.
3
Suppose 0 = 5*m - 0 - 5. What are the prime factors of 4 + 2 + (m - 3)?
2
Let w(h) = 5*h - 10. List the prime factors of w(10).
2, 5
Let f = 11 - 9. Suppose 0 = -w - 3*j + 8, f*w + 0*w - 10 = -3*j. What are the prime factors of w?
2
Let t(p) = -p**2 - 3*p + 3. Let x be t(-3). List the prime factors of 11 - (x/(-3) - 0).
2, 3
Suppose t + 12 = 59. What are the prime factors of t?
47
Let z(i) = -2*i - 3. Let w be z(-4). Suppose -j = 2*b - 73, -6*b + 129 = -3*b - w*j. What are the prime factors of b?
2, 19
Suppose 4*y + 1 - 21 = 0. Suppose y*v = -3*p + 121, -4*p - 4 = -2*v + 34. List the prime factors of v.
23
Suppose 0 = 6*r - 802 + 268. What are the prime factors of r?
89
Let n be 6/(-21) - 60/(-14). Let f = -8 + 17. Suppose -5*k - 7 = -4*x, -n*x - 2*k + f = -5. List the prime factors of x.
3
Let w be 0 + -1*3/1. List the prime factors of (-148)/(-2)*w/(-6).
37
Let w(i) = 7*i + 7. Let p(v) = 1. Let u(t) = -6*p(t) + w(t). Let l be u(-1). List the prime factors of (l/4)/((-6)/36).
3
Let y be (7/28)/((-2)/(-40)). Suppose -y*m + 28 = -72. What are the prime factors of m?
2, 5
Suppose -20*l = -27*l + 91. What are the prime factors of l?
13
Let l(j) = -j**2 - 3*j - 3. Let p be l(-2). Let m = p - 1. What are the prime factors of m/(10/(-4) + 2)?
2
Let m(t) = -t**3 + t - 1. Let d(h) = 4*h**3 - h**2 + 4*h - 7. Let o(r) = -d(r) + 6*m(r). List the prime factors of o(-1).
2, 5
Let b(l) = -l**2 - 5*l + 2. Let r be b(-5). Let n(q) = 1 - q**r - 6 + 12*q + 10. What are the prime factors of n(12)?
5
List the prime factors of 2184/16*2/3.
7, 13
Let n(r) be the second derivative of -r**5/20 + 5*r**4/12 + 2*r**3/3 - 5*r**2/2 + r. Let i = 31 + -26. What are the prime factors of n(i)?
3, 5
Suppose -40 - 116 = -3*f. What are the prime factors of f?
2, 13
Let k = 10 + 285. List the prime factors of k.
5, 59
Suppose 5*b + 2*g = 13, -4*b - 2*g + 8 = -g. List the prime factors of (5 + b)*(-9)/(-6).
3
Let p(z) = z**2 - 5*z + 1. Let s be p(2). List the prime factors of s/(-2)*(-36)/(-10).
3
Suppose 0 = -5*y - d - 18, -2*d = y - 3*y. Let p = y + 7. Suppose g - 26 = -5*m, 2*g = -0*m + p*m - 18. List the prime factors of m.
5
Suppose 3*a - 14 = -2. Let f = -4 + a. Suppose 2*t = 2*o - f*t, 0 = -2*t + 6. List the prime factors of o.
3
List the prime factors of (-76)/(-2) + -3 + 6.
41
Let p = 309 + -164. What are the prime factors of p?
5, 29
Let o be (1 - -1)/(1/1). What are the prime factors of 1 - o - 84/(-3)?
3
Suppose -3*w + 4*b + 24 = -b, -5*w + 40 = b. Let m(f) = -2*f + 6. Let y be m(2). Suppose -5*u + w = -y. List the prime factors of u.
2
Suppose -i = -4*z - 17, 4*z - 2*z - 3*i + 11 = 0. Let o = -3 - z. Let g(r) = 7*r**2 - r. List the prime factors of g(o).
2, 3
Let f(l) be the third derivative of -l**5/60 + 11*l**4/24 - 7*l**3/6 + 3*l**2. What are the prime factors of f(9)?
11
Let l(a) = a**2 + 6*a + 5. Let q be l(-5). Let u be (2 + q + 21)/1. Suppose -3 + u = 2*c. What are the prime factors of c?
2, 5
Let l(u) = u**3 - 4*u**2 - 6*u + 7. Let f be l(5). Let k(i) = 2*i**2 + 3 - 9*i - 3*i**f - 8. What are the prime factors of k(-6)?
13
Let v(m) = 8*m**3 - 2*m**2 + m. Let g be v(1). Suppose -2*s + g = -5. List the prime factors of s.
2, 3
Let b(f) = -f**3 + 3*f**2 + 4*f + 1. Let j be b(4). Let v be -1*(j + -4) + -1. Suppose v*w + 16 = 4*w. List the prime factors of w.
2
Let z be 4/(-6) + (-68)/(-12). Suppose z*v = 140 - 25. Let d = -8 + v. List the prime factors of d.
3, 5
Let b = 27 - -12. What are the prime factors of b?
3, 13
Let q b